 r(i) = 7*i**2 + 4*i - 3. Let o be r(-5). Calculate the highest common divisor of s and o.
19
Let c be 2/4 + 600/(-16). Let o = -20 - c. What is the highest common divisor of o and 17?
17
Let m(t) = 10*t + 10. Let c be m(0). Suppose -3*f + 16 = c. Calculate the greatest common factor of 10 and f.
2
Suppose -8 = -0*y - 4*y. Let c be ((-22)/(-11))/(y/26). What is the highest common factor of 26 and c?
26
Let s be ((-39)/6)/1*(-16)/4. Let b(a) = 10*a**2 + a - 1. Let n be b(6). Let g = n - 79. Calculate the highest common divisor of g and s.
26
Let o(v) = -20*v**2 - 4*v + 7. Let t be o(-3). Let g = -77 - t. Calculate the greatest common factor of 12 and g.
12
Let r(y) = -y**3 + 38*y**2 - 37*y + 52. Let z be r(37). Calculate the highest common divisor of z and 299.
13
Let g(p) = 20*p**2 - 5*p + 30. Let w be g(-5). Calculate the greatest common divisor of w and 15.
15
Let j = 20 + -38. Let l = -8 - j. What is the greatest common factor of 1 and l?
1
Let p(h) = -h**2 + 4*h + 11. Let w be p(3). What is the greatest common factor of w and 14?
14
Let w(a) = a**3 + 4*a**2 - 7*a - 7. Let i be w(-5). Suppose -11 + i = 2*s. Let u = s - -13. Calculate the highest common divisor of u and 9.
9
Let j = -2807 + 3062. What is the highest common factor of 105 and j?
15
Suppose 8*j - 3*j + 10 = 0, 0 = -s + 3*j + 129. Calculate the highest common divisor of 328 and s.
41
Let q be ((-312)/(-3))/((-4)/(-14)). Let y be (-15)/10*2 + 5. Suppose t + 297 = y*r, -5*r + t - q = -1111. What is the greatest common divisor of 15 and r?
15
Suppose 0 = -7*d - 2*d + 27. Let h be (0 + 1 - -6) + 1*d. What is the greatest common factor of h and 20?
10
Let m(j) be the second derivative of -j**5/20 + j**4/2 + 4*j**3/3 - 7*j**2 - 25*j. Let u be m(6). What is the highest common divisor of 238 and u?
34
Suppose 0 = -3*x + 4*f + 26, 0*f + 5*f = -5*x - 15. Suppose 8*q - 10*q = -x. Let u be -9 - -128 - (q + -2). What is the greatest common factor of u and 12?
12
Let m be (1232/(-21))/11*-18. Calculate the greatest common divisor of 608 and m.
32
Suppose -2*y + 74 = -4*z + 5*z, -5*z + 385 = 5*y. Suppose -4*d + 8*d - z = 0. What is the greatest common factor of d and 5?
5
Suppose -630 = -34*d + 20*d. What is the highest common divisor of d and 315?
45
Let z(d) = -d**2 + 8*d - 12. Let w be z(5). Suppose w*s + n - 34 = -3*n, -2*n + 14 = s. What is the greatest common factor of 6 and s?
6
Let m be ((-17)/(935/(-1749)))/(6/20). Suppose -4*z = -g - 640, 218 = z - 2*g + 51. What is the highest common factor of z and m?
53
Let k be (24/2 - -2) + 3. Suppose -22*s = -k*s - 40. Suppose w - 23 = s. Calculate the greatest common divisor of w and 155.
31
Let t(i) = 2*i + 1. Let p be t(6). Let c be (-2 + (28 - 0))/(4/22). Calculate the highest common divisor of c and p.
13
Let s(i) = 2*i**2 - 9*i - 2. Let h be s(5). Let n be h*42*(2 - 1). What is the highest common divisor of 14 and n?
14
Let f(p) = p**3 - 12*p**2 + 3*p - 8. Let r = 52 - 40. Let z be f(r). Calculate the highest common factor of z and 70.
14
Let i(q) = -q**3 + 2*q + 1. Let k be i(-2). Let x = -20 + 25. What is the greatest common factor of k and x?
5
Let o(m) = m**2 + 27*m + 62. Let t be o(-27). What is the highest common factor of 403 and t?
31
Suppose -3*j + 66 = -4*o - 39, 0 = 2*j - 4*o - 70. Let x = j - 21. What is the highest common divisor of x and 126?
14
Let d = -7 + 33. Suppose 3*v = v + 2*m + d, -v + 38 = 4*m. What is the highest common divisor of v and 6?
6
Let u(y) = 3*y + 1. Let d be u(1). Let o be (-133)/(-14) + (-2)/(-4). Suppose -2 = -d*k + o. Calculate the highest common factor of 15 and k.
3
Let a = -2 + 11. Suppose -4*t - 75 = d, -2*t + 2*d + 2*d - 24 = 0. Let p = t + 54. What is the greatest common divisor of a and p?
9
Let z(k) = k**2 + 21*k - 472. Let q be z(15). Calculate the highest common factor of q and 85.
17
Let c = 52 + 132. Calculate the highest common divisor of 24 and c.
8
Let m(o) = 2*o**3 - 2*o**2 - 7*o - 8. Let l be m(4). What is the greatest common divisor of l and 12?
12
Suppose -82*o + 73*o = -3744. Calculate the highest common factor of 16 and o.
16
Let n be -24*((-32)/6 - -2). Let j(i) = 13*i**2 - 6*i + 6. Let h be j(2). Let b = 78 - h. Calculate the greatest common factor of n and b.
16
Let f(o) = -o**3 + 5*o**2 - 3*o. Let u = -10 + 14. Let b be f(u). Suppose 4 = 4*p, -2*k = -6*k - 2*p + 66. Calculate the highest common factor of b and k.
4
Let o = -79 + 255. Suppose -3*j + 7*j - o = 0. Calculate the greatest common divisor of 2 and j.
2
Suppose -15*g - 7352 = -20072. What is the highest common factor of 16 and g?
16
Let p = 26 - -19. Let y = 60 - 136. Let c = -58 - y. What is the greatest common divisor of p and c?
9
Let x(h) = h**3 - 18*h**2 - 8*h - 45. Let s be x(19). Suppose 2*t + s = 452. What is the highest common divisor of 32 and t?
16
Suppose 0 = 190*f - 204*f + 112. Calculate the greatest common factor of f and 1.
1
Let v(a) = a**3 - a**2 - 5*a + 4. Let s be v(4). Let c = 270 + -190. Calculate the highest common factor of c and s.
16
Suppose -4*h - 3*l + 60 = 3, -4*l - 74 = -3*h. Let u = 393 + -249. What is the greatest common divisor of u and h?
18
Let n(d) = -6*d - 4. Let t be n(-1). Suppose -1 = k - t. Calculate the highest common factor of k and 3.
1
Let m(p) = 5*p + 41. Let u be m(-16). Let g = 54 + u. Calculate the greatest common divisor of 15 and g.
15
Let w be ((-84)/(-5) - 0)/((-9)/(-30)). Let a = -182 + 279. Let r = a + -13. What is the highest common divisor of r and w?
28
Suppose 0 = -p + 7*p - 12. Suppose 16 = 4*h, p*f + 4*h = -h + 92. Calculate the highest common divisor of 4 and f.
4
Let v be (-4 - 112/(-14))*33/6. Suppose 5*g - g = -2*u + 60, -2*u - 2*g = -52. What is the highest common divisor of v and u?
22
Suppose -2*s = -k - 36, 65*s + k = 60*s + 104. Calculate the highest common factor of s and 4.
4
Suppose -g + 88 = 16. Suppose -2*c + 3*j = -10, 3*c - 38*j = -36*j + 20. Calculate the highest common factor of g and c.
8
Suppose -w + 23 = 5*m - 0*w, 2*m - 6 = -2*w. Suppose -m*p + 0*p + 495 = 0. Calculate the highest common divisor of p and 9.
9
Suppose 13208 = -40*x + 48*x. Calculate the greatest common factor of x and 13.
13
Let w(v) = 2*v - 33. Let x be w(19). Let q be x*(16/3 - (-1)/(-3)). What is the greatest common divisor of q and 5?
5
Let s(u) = u**3 - 10*u**2 - 38*u + 47. Let a be s(13). What is the greatest common factor of a and 240?
60
Let v be (-24)/132 + 5/(55/442). Let z(i) = -i**2 + 1. Let s be z(1). Suppose v = -s*h + 4*h. What is the greatest common divisor of h and 2?
2
Let d = 4 + 7. Let b = 46 + -24. What is the highest common factor of b and d?
11
Suppose j = 2*v - 4*v - 35, 2*j - 2*v + 58 = 0. Let x = 35 + j. Calculate the highest common divisor of 36 and x.
4
Let h be -8*((-35)/(-14) - 3). What is the highest common factor of h and 44?
4
Suppose 3*u + 1349 = 5*f, -6*f + 3*u = -5*f - 277. Calculate the highest common divisor of f and 603.
67
Suppose 16 + 11 = 3*l. Let q(v) = v**3 - 9*v**2 - v + 21. Let z be q(l). Suppose -3*n - 4*b + 4 = -8*b, b = 5. What is the greatest common divisor of z and n?
4
Suppose 0 = 2*m + 5*o - 11 - 6, 13 = 2*m + o. Let s(k) = 16*k**2 + 4*k - 17*k**2 + 7*k. Let i be s(m). What is the highest common divisor of 60 and i?
30
Let d be 2/5 - (-623)/5. Let h = d + -17. Let w = -22 + 34. Calculate the greatest common factor of w and h.
12
Let a = 343 - 205. Calculate the greatest common divisor of 322 and a.
46
Let x(c) = 3*c**2 - c + 1. Let t be x(2). Suppose 4*f = 9 + t. Let i be 14/f*5/2. Calculate the greatest common divisor of 77 and i.
7
Suppose 10*x - 10 = 50. Calculate the greatest common factor of x and 102.
6
Let a(n) = -7*n**2 - 12*n**2 + 16*n - 15 + 18*n**2. Let b be a(14). Calculate the highest common factor of b and 39.
13
Let c(i) = 5*i**2 + i. Let b be c(-1). Suppose -2*y = 5*f - 7, 6*f - f - y = b. Let r be 3/(-6)*-36*f. Calculate the greatest common divisor of 18 and r.
18
Let g be 21/147 - (0 + 335/(-7)). Calculate the highest common factor of 72 and g.
24
Suppose -10 = -2*x + 2*v, -4*v = x - 0*v - 5. Let o(d) = -2*d**2 - 2*d + 4. Let g be o(0). Suppose x + g = a. What is the highest common divisor of 63 and a?
9
Suppose -52 = 2*v + j - 127, 5*v - 190 = -2*j. Suppose 7*a - 220 = 2*a. Let z = a - -16. Wha